e of 1/2*d**2 + 3*d + 0 + 1/6*d**3. What is the units digit of f(2)?
3
Let c = 3 - 2. Let a(j) = 30*j**2 - j + 1. Let o be a(c). Suppose -3*x + o = 2*x. What is the units digit of x?
6
Let c be (4/(-3))/((-8)/60). Let r be (14/5)/((-2)/c). Let w = -7 - r. What is the units digit of w?
7
Let m(q) = 24*q + 2. What is the units digit of m(1)?
6
Suppose 36 = u + k, 4*k = -0*u + 2*u - 96. What is the units digit of u?
0
Let i(f) = 2*f - 9. Let x be i(7). Suppose -x*j + 0*h = -h - 23, 5*j - 3*h = 19. Suppose j*v - 17 = -2. What is the units digit of v?
3
Let v(i) = 3*i**2 + 4*i - 12. What is the tens digit of v(-8)?
4
Suppose 4*f + 2 = 22. Suppose 0*k - 2*p + 99 = 5*k, f*k = -3*p + 101. What is the units digit of k?
9
Let d be 1*-2 - (3 - 41). What is the tens digit of 3 - -1*d/3?
1
Let r(p) be the first derivative of 6*p**3 + 1. Let q = -83 - -82. What is the units digit of r(q)?
8
Let t be (6/4)/((-6)/(-8)). Suppose -2*c - 14 = -x - c, 0 = 4*x + t*c - 62. What is the tens digit of x?
1
Let b(l) = -l**3 + 8*l**2 - 7*l + 5. Let s be b(7). Suppose -2*r - 2*r + 68 = 0. Suppose -3 = -s*w + r. What is the units digit of w?
4
Suppose 277 = g - 3*v - 0*v, -544 = -2*g + 4*v. What is the tens digit of g?
6
Let j(z) = -z**3 - 2*z**2 + 2*z - 4. Let t be j(-4). Let p = -10 + t. Suppose -v - 43 = -5*q, -2*v + 0 + p = 2*q. What is the units digit of q?
8
Suppose -x - 3 = -5*w, 2*w + w - 81 = -3*x. What is the tens digit of x?
2
Suppose 2*d - 4*d = -4. Suppose 0 = d*m + 4, -8*b + 104 = -4*b - 4*m. Suppose -l - b = -5*l. What is the units digit of l?
6
Suppose -4*j = -0*j - 4. Let d(p) = -3*p - j - 4 - 3 + 6. What is the units digit of d(-2)?
4
Let y be 0 + -2 - (-6 - -4). Suppose y = -6*h + 68 - 8. What is the units digit of h?
0
Suppose -d = -30 - 43. What is the units digit of d?
3
Let q be (0/(-2))/(-3 - -4). Let v(t) = 2 + 3 - t + 3. What is the units digit of v(q)?
8
Let l(c) = c**2 - c - 3. Let a be (0 - 0/2)/(-2). Let j = 4 - a. What is the units digit of l(j)?
9
Let d = -5 + 13. Suppose 4 = 4*z - d. Suppose 17 = q + 5*r, z*q - r = 3 - 0. What is the units digit of q?
2
Let i be (-3)/(2 + 1/(-2)). Let v be i/1 + -2 + 4. Let k = 2 - v. What is the units digit of k?
2
Let d(m) = m**3 - 9*m**2 + 11*m + 2. Suppose -3*o = -5*b + 1, 4*o = -0*o + 4*b + 12. What is the units digit of d(o)?
6
Let u(b) = -4*b**2 - b**3 + 8 - 2*b - 4 + 0. Suppose 20 = -6*p + 2. What is the units digit of u(p)?
1
Let p = -15 - -27. What is the tens digit of 0 + 0 + 0 + p?
1
Suppose -2*w = -5*q + 23, w - 3*q + 2*q + 19 = 0. What is the units digit of w/(-2) + (-10 - -7)?
9
Let b(g) = g**3 - 7*g**2 - 7*g - 4. Suppose -2*c - 5 - 27 = 0. Let o = 24 + c. What is the units digit of b(o)?
4
Let x(q) = -q**3 - 6*q**2 - 9*q - 6. What is the units digit of x(-6)?
8
Let l(v) = -v - 4. Let h be (1/(-1))/((-5)/(-30)). Let q be l(h). Suppose 2*x = -q*r - 3*x + 24, 2*r - 6 = 4*x. What is the units digit of r?
7
Let x be 26/(-4) + (-2)/4. Let t = -1 - x. Suppose 4*w - 15 = h, -2*h + 8 + t = 3*w. What is the units digit of w?
4
Suppose 0 = -2*c + 7*c - 75. Suppose 4*z - 16 = -2*o - 2*o, -5 = -2*z - 3*o. Let n = c - z. What is the units digit of n?
8
Let s(o) = o**3 - o**2 - o + 16. Let y = -8 + 8. What is the units digit of s(y)?
6
Let o(z) = -z**3 - 3*z**2 + z - 4. Let k = -5 - -5. Suppose 0 = -0*p + 2*p - 5*d + 23, -5*p - 2*d - 14 = k. What is the units digit of o(p)?
8
Suppose i - 1 + 5 = 0. What is the units digit of 6/i*(-90)/27?
5
Let w be (2 - 4)/(-1)*4. Let v = w + -4. Let d = -1 + v. What is the units digit of d?
3
Let a = -67 + 123. Suppose -3*x + x + a = 0. What is the units digit of x?
8
Let z = 22 - 3. What is the units digit of z?
9
Let r = -6 + 3. Let m be ((-24)/10)/(r/(-10)). What is the units digit of (-17)/(-3) - m/(-12)?
5
Suppose 4*r = 137 + 43. What is the units digit of r?
5
What is the units digit of 3 - (-1)/(-1) - (-2 + -59)?
3
Let x = 15 - 11. Suppose -l - 69 = -3*m, -46 = -2*m - l - x*l. What is the tens digit of m?
2
Let z(m) = 3*m**2 + 4*m - 3. What is the units digit of z(-5)?
2
Let r = -3 - -4. Let u be 3 + 3 - r - 1. What is the units digit of 0 + 3 + u + -1?
6
Suppose -2*i + 10 = 3*i. Suppose i*r + 54 = 5*r. What is the units digit of r?
8
Suppose -2*u - 10 = -3*s, 0 = 3*s + s + 4*u. What is the units digit of s?
2
Let g(k) = -k**2 - 3*k. Let j be g(-4). Let x be j/(-6) - 38/3. What is the units digit of (x - -6)/(2/(-2))?
6
Let z(l) = 2*l**2 - 15*l + 38. What is the tens digit of z(11)?
1
Suppose 62 = -4*a + 174. What is the tens digit of a?
2
Suppose 30 = 3*s - 5*g, 4*g = -3*s - 0 + 30. Let p = s - 8. What is the units digit of p?
2
Let h(r) = r**3 + 3*r**2 - r - 2. Let m(o) = -2*o + 5. Let i be (-14)/(-4) - (-5)/10. Let q be m(i). What is the units digit of h(q)?
1
Let b(s) = s**3 - 4*s**2 + 3*s - 6. Let r be b(3). Let u(x) = -3*x + 7. What is the tens digit of u(r)?
2
Let l(i) = -i - 12. Let f be l(-7). Let g = f - -15. What is the tens digit of g?
1
Let p = -38 - -55. What is the units digit of p?
7
What is the tens digit of 1383/9 - 3/(-9)?
5
Suppose -y + 11 + 3 = 0. What is the units digit of y?
4
Suppose u + u = 2. Let w be (-2 - -21 - 2)*u. Suppose -5*z - 2 = g - 15, -4*z = 3*g - w. What is the units digit of z?
2
Let g = -32 + 82. What is the units digit of g?
0
Suppose 3*q - 7 + 1 = 0. What is the units digit of 3/(-6) - (-5)/q?
2
Let v(p) = 2*p**3 + 4*p**2 + 2*p + 1. Let l be v(4). Suppose 3*c - q + 4*q - l = 0, -5*c - 3*q = -335. Suppose -c = -4*d - 11. What is the tens digit of d?
1
Suppose 0 = 50*s - 44*s - 804. What is the hundreds digit of s?
1
Let r(q) = -q**3 + 6*q**2 + 1. Suppose -3*w + 18 = 3. What is the tens digit of r(w)?
2
Let q(r) = -r - 7. Let m be q(-3). Suppose 0 + 1 = 3*g - 5*f, -4*g - 2*f = -36. Let v = m + g. What is the units digit of v?
3
Let k be 2/6 - (-22)/6. Suppose -4*c = a - 21, 2*a + 2*c - k*c - 22 = 0. What is the tens digit of a?
1
Let m(n) = -n**2 + 10*n - 6. Let q be m(9). Suppose q*v = 3, -r + 2*r = 2*v + 10. Suppose -5*p + 2*u + 16 = 0, p + 5*u + r = -1. What is the units digit of p?
2
Suppose 4 = 2*j + 2. Let n(h) = 0 + 7 + 7*h**2 + h**3 - j + 6*h. What is the units digit of n(-6)?
6
Let o(f) = -f**3 - 14*f**2 + 11*f + 15. What is the units digit of o(-15)?
5
Let i be (-183)/(-27) - (-8)/36. Let v = 31 + i. What is the tens digit of v?
3
Let z = 6 + -3. Suppose 2*k = r - 2, -5 = z*k - 4*r + 2*r. Suppose -7 = -2*p + k. What is the units digit of p?
4
Suppose -3*g = 2*s + s - 15, s - g - 9 = 0. Let t be (-2)/(-3) + s/3. Suppose -x = -t*x + 18. What is the units digit of x?
9
Let t = -3 - 2. Let s(b) = -6*b + 4. Let m be s(t). Suppose -3*k = 3*j + 2*k - m, 4*j + 3*k - 27 = 0. What is the units digit of j?
3
What is the tens digit of (-525)/(-28)*((8 - 2) + -2)?
7
Let u = 7 - 6. Let w = 0 + -1. Let s = u - w. What is the units digit of s?
2
Let q(h) be the second derivative of h**5/120 - 5*h**4/24 - h**3/3 - 2*h. Let w(v) be the second derivative of q(v). What is the units digit of w(6)?
1
Let r be (3 - 0) + (-2 - -1). Suppose 5 = r*u - 1. What is the units digit of u?
3
Let j(g) = g - 6. Let s be j(5). What is the units digit of -2 - ((-1)/s + -31)?
8
Let i = 740 - 392. What is the tens digit of i?
4
Suppose -43*i - 120 = -45*i. What is the tens digit of i?
6
Let c be 2/(-4) + (-36)/(-8). Suppose -3*d - 108 = -c*o + 22, -134 = -4*o + d. What is the units digit of o?
4
Let o = 5 - 2. Let r = o - -12. What is the units digit of r?
5
Suppose 0 = 5*n - 64 - 16. Let t = n + 4. What is the units digit of (-3)/9*(2 - t)?
6
Suppose -2*a - 20 = -7*a. Let c = 7 - a. What is the units digit of c?
3
What is the units digit of (4 + -11)/((-2)/12)?
2
Let i = -4 + 7. Suppose -2*q = 2*r - 70, -i*q = 3*r - q - 105. What is the tens digit of r?
3
Let c be (-4)/1*(-60)/5. Suppose 20 = 3*q - 2*h, 5*q - c = -2*h - 2*h. What is the units digit of q?
8
Let x be 30/(-2) + 1 + -4. Let b = -10 - x. Suppose q - 5 - b = 0. What is the tens digit of q?
1
Let w = -5 + 8. Suppose 5*u - 2*n + 9 = 0, 2*u - 10 = 4*u - 4*n. What is the tens digit of (-2)/(w/18*u)?
1
Let j = -20 + 35. What is the tens digit of j?
1
Let m(k) = 2*k**2 + 3*k + 2. Let j be (9/(-3))/((-2)/(-2)). What is the units digit of m(j)?
1
Let s(p) = -p**3 - 4*p**2 - 5*p - 10. Let a be